{"id":2059,"date":"2024-07-12T12:06:01","date_gmt":"2024-07-12T10:06:01","guid":{"rendered":"https:\/\/www.amibus.it\/?page_id=2059"},"modified":"2026-04-27T14:14:53","modified_gmt":"2026-04-27T12:14:53","slug":"sala-stampa","status":"publish","type":"page","link":"https:\/\/www.amibus.it\/en\/sala-stampa\/","title":{"rendered":"Sala stampa"},"content":{"rendered":"<p style=\"text-align: center;\"><strong><i>Cagli, conferenza stampa di avvio del servizio<\/i><\/strong><\/p>\n<p style=\"text-align: center;\"><strong><i>\u201cMy Bus Alte Marche\u201d<\/i><\/strong><\/p>\n<p style=\"font-weight: 400;\">Si \u00e8 tenuta questa mattina, presso Piazza del Teatro a Cagli, la conferenza stampa di avvio ufficiale di My Bus Alte Marche, il nuovo servizio di trasporto a chiamata pensato per migliorare la mobilit\u00e0 nei territori interni.<\/p>\n<p style=\"font-weight: 400;\">Il progetto introduce una modalit\u00e0 innovativa e flessibile di spostamento: un servizio che si attiva su prenotazione, adattando percorsi e orari alle esigenze dei cittadini e integrandosi con le linee del trasporto pubblico locale.<\/p>\n<p style=\"font-weight: 400;\">La gara per l\u2019affidamento del servizio \u00e8 stata indetta dalla Unione Montana del Catria e del Nerone ed \u00e8 stata aggiudicata all\u2019ATI costituita da AMI S.p.A. di Urbino (PU) e SAP S.r.l. di Potenza Picena (MC). Il servizio \u00e8 attivo nei comuni di Acqualagna, Apecchio, Arcevia, Cagli, Cantiano, Frontone, Piobbico, Sassoferrato e Serra Sant\u2019Abbondio e rappresenta una risposta concreta alle esigenze di mobilit\u00e0 delle aree montane e a bassa densit\u00e0 abitativa.<\/p>\n<p style=\"font-weight: 400;\">L\u2019avvio operativo \u00e8 previsto per <strong>luned\u00ec 4 maggio, con fasce orarie 9:00\u201312:00 e 15:00\u201318:00<\/strong>. Le prenotazioni saranno possibili gi\u00e0 da oggi 27 aprile, tramite app dedicata My Bus, scaricabile dagli store, oppure tramite call center (numero verde da fisso 800 080644; da mobile 0722 376735).<\/p>\n<p style=\"font-weight: 400;\">\u201cMy Bus Alte Marche non \u00e8 solo un servizio di trasporto, ma un modo nuovo di connettere comunit\u00e0 e opportunit\u00e0\u201d, dichiara il Presidente Ivan Santi. \u201cSignifica garantire diritti, ridurre le distanze e rendere il territorio pi\u00f9 accessibile e vivibile.\u201d<\/p>\n<p style=\"font-weight: 400;\">Il Direttore Generale, Ing. Massimo Benedetti, sottolinea il valore operativo dell\u2019iniziativa: \u201cCon questo servizio si va verso un modello intelligente e sostenibile di trasporto pubblico, capace di adattarsi alle reali esigenze dei cittadini, ottimizzando le risorse e migliorando l\u2019efficienza complessiva. Il servizio \u00e8 stato strutturato in coerenza con le previsioni e gli indirizzi definiti nell\u2019ambito del bando di riferimento, traducendoli in una soluzione concreta e immediatamente fruibile.\u201d<\/p>\n<p style=\"font-weight: 400;\">Giovanni Viola \u2013 SAP- afferma che: \u201csiamo contenti \u00a0di aver partecipato a questo bando insieme ad Ami SpA e siamo convinti che la sperimentazione di questo nuovo modello di servizio possa essere utile per orientare le scelte future.\u201d<\/p>\n<p style=\"font-weight: 400;\">Un ruolo fondamentale \u00e8 stato svolto dalla Comunit\u00e0 Montana. Il Presidente Alessandro Piccini evidenzia come \u201cquesto progetto rappresenti un passo concreto per contrastare l\u2019isolamento delle aree interne e rafforzare la coesione territoriale\u201d.<\/p>\n<p style=\"font-weight: 400;\">L\u2019iniziativa, sviluppata nell\u2019ambito della Strategia Nazionale per le Aree Interne (SNAI) e finanziata attraverso le relative risorse, si traduce in servizi reali e accessibili per cittadini e visitatori, migliorando i collegamenti, ampliando le opportunit\u00e0 di mobilit\u00e0 e contribuendo a rendere il territorio pi\u00f9 attrattivo e connesso. Il progetto si inserisce in una visione pi\u00f9 ampia di sviluppo delle aree interne, orientata a garantire pari accesso ai servizi, qualit\u00e0 della vita e nuove opportunit\u00e0 di crescita economica e sociale.<\/p>\n<p><img loading=\"lazy\" decoding=\"async\" class=\"wp-image-2469 aligncenter\" src=\"https:\/\/www.amibus.it\/wp-content\/uploads\/2026\/04\/IMG_0975-2.heic\" alt=\"\" width=\"456\" height=\"342\" \/><\/p>\n","protected":false},"excerpt":{"rendered":"<p>Cagli, conferenza stampa di avvio del servizio \u201cMy Bus Alte Marche\u201d Si \u00e8 tenuta questa mattina, presso Piazza del Teatro a Cagli, la conferenza stampa di avvio ufficiale di My Bus Alte Marche, il nuovo servizio di trasporto a chiamata pensato per migliorare la mobilit\u00e0 nei territori interni. Il progetto introduce una modalit\u00e0 innovativa e [&#8230;]<\/p>\n<p><a class=\"btn btn-secondary understrap-read-more-link\" href=\"https:\/\/www.amibus.it\/en\/sala-stampa\/\">Read More&#8230;<\/a><\/p>\n","protected":false},"author":1,"featured_media":2469,"parent":0,"menu_order":0,"comment_status":"closed","ping_status":"closed","template":"","meta":{"_acf_changed":false,"footnotes":""},"class_list":["post-2059","page","type-page","status-publish","has-post-thumbnail","hentry"],"translation":{"provider":"WPGlobus","version":"3.0.2","language":"en","enabled_languages":["it","en"],"languages":{"it":{"title":true,"content":true,"excerpt":false},"en":{"title":false,"content":false,"excerpt":false}}},"acf":[],"_links":{"self":[{"href":"https:\/\/www.amibus.it\/en\/wp-json\/wp\/v2\/pages\/2059","targetHints":{"allow":["GET"]}}],"collection":[{"href":"https:\/\/www.amibus.it\/en\/wp-json\/wp\/v2\/pages"}],"about":[{"href":"https:\/\/www.amibus.it\/en\/wp-json\/wp\/v2\/types\/page"}],"author":[{"embeddable":true,"href":"https:\/\/www.amibus.it\/en\/wp-json\/wp\/v2\/users\/1"}],"replies":[{"embeddable":true,"href":"https:\/\/www.amibus.it\/en\/wp-json\/wp\/v2\/comments?post=2059"}],"version-history":[{"count":5,"href":"https:\/\/www.amibus.it\/en\/wp-json\/wp\/v2\/pages\/2059\/revisions"}],"predecessor-version":[{"id":2468,"href":"https:\/\/www.amibus.it\/en\/wp-json\/wp\/v2\/pages\/2059\/revisions\/2468"}],"wp:featuredmedia":[{"embeddable":true,"href":"https:\/\/www.amibus.it\/en\/wp-json\/wp\/v2\/media\/2469"}],"wp:attachment":[{"href":"https:\/\/www.amibus.it\/en\/wp-json\/wp\/v2\/media?parent=2059"}],"curies":[{"name":"wp","href":"https:\/\/api.w.org\/{rel}","templated":true}]}}

<p style="text-align: center;"><strong><i>Cagli, conferenza stampa di avvio del servizio</i></strong></p>
<p style="text-align: center;"><strong><i>“My Bus Alte Marche”</i></strong></p>
<p style="font-weight: 400;">Si è tenuta questa mattina, presso Piazza del Teatro a Cagli, la conferenza stampa di avvio ufficiale di My Bus Alte Marche, il nuovo servizio di trasporto a chiamata pensato per migliorare la mobilità nei territori interni.</p>
<p style="font-weight: 400;">Il progetto introduce una modalità innovativa e flessibile di spostamento: un servizio che si attiva su prenotazione, adattando percorsi e orari alle esigenze dei cittadini e integrandosi con le linee del trasporto pubblico locale.</p>
<p style="font-weight: 400;">La gara per l’affidamento del servizio è stata indetta dalla Unione Montana del Catria e del Nerone ed è stata aggiudicata all’ATI costituita da AMI S.p.A. di Urbino (PU) e SAP S.r.l. di Potenza Picena (MC). Il servizio è attivo nei comuni di Acqualagna, Apecchio, Arcevia, Cagli, Cantiano, Frontone, Piobbico, Sassoferrato e Serra Sant’Abbondio e rappresenta una risposta concreta alle esigenze di mobilità delle aree montane e a bassa densità abitativa.</p>
<p style="font-weight: 400;">L’avvio operativo è previsto per <strong>lunedì 4 maggio, con fasce orarie 9:00–12:00 e 15:00–18:00</strong>. Le prenotazioni saranno possibili già da oggi 27 aprile, tramite app dedicata My Bus, scaricabile dagli store, oppure tramite call center (numero verde da fisso 800 080644; da mobile 0722 376735).</p>
<p style="font-weight: 400;">“My Bus Alte Marche non è solo un servizio di trasporto, ma un modo nuovo di connettere comunità e opportunità”, dichiara il Presidente Ivan Santi. “Significa garantire diritti, ridurre le distanze e rendere il territorio più accessibile e vivibile.”</p>
<p style="font-weight: 400;">Il Direttore Generale, Ing. Massimo Benedetti, sottolinea il valore operativo dell’iniziativa: “Con questo servizio si va verso un modello intelligente e sostenibile di trasporto pubblico, capace di adattarsi alle reali esigenze dei cittadini, ottimizzando le risorse e migliorando l’efficienza complessiva. Il servizio è stato strutturato in coerenza con le previsioni e gli indirizzi definiti nell’ambito del bando di riferimento, traducendoli in una soluzione concreta e immediatamente fruibile.”</p>
<p style="font-weight: 400;">Giovanni Viola – SAP- afferma che: “siamo contenti  di aver partecipato a questo bando insieme ad Ami SpA e siamo convinti che la sperimentazione di questo nuovo modello di servizio possa essere utile per orientare le scelte future.”</p>
<p style="font-weight: 400;">Un ruolo fondamentale è stato svolto dalla Comunità Montana. Il Presidente Alessandro Piccini evidenzia come “questo progetto rappresenti un passo concreto per contrastare l’isolamento delle aree interne e rafforzare la coesione territoriale”.</p>
<p style="font-weight: 400;">L’iniziativa, sviluppata nell’ambito della Strategia Nazionale per le Aree Interne (SNAI) e finanziata attraverso le relative risorse, si traduce in servizi reali e accessibili per cittadini e visitatori, migliorando i collegamenti, ampliando le opportunità di mobilità e contribuendo a rendere il territorio più attrattivo e connesso. Il progetto si inserisce in una visione più ampia di sviluppo delle aree interne, orientata a garantire pari accesso ai servizi, qualità della vita e nuove opportunità di crescita economica e sociale.</p>
<p><img loading="lazy" decoding="async" class="wp-image-2469 aligncenter" src="https://www.amibus.it/wp-content/uploads/2026/04/IMG_0975-2.heic" alt="" width="456" height="342" /></p>

<p>Cagli, conferenza stampa di avvio del servizio “My Bus Alte Marche” Si è tenuta questa mattina, presso Piazza del Teatro a Cagli, la conferenza stampa di avvio ufficiale di My Bus Alte Marche, il nuovo servizio di trasporto a chiamata pensato per migliorare la mobilità nei territori interni. Il progetto introduce una modalità innovativa e [&#8230;]</p>
<p><a class="btn btn-secondary understrap-read-more-link" href="https://www.amibus.it/en/sala-stampa/">Read More&#8230;</a></p>
