{"id":2158,"date":"2024-12-10T11:30:56","date_gmt":"2024-12-10T10:30:56","guid":{"rendered":"https:\/\/www.amibus.it\/?page_id=2158"},"modified":"2024-12-10T11:30:56","modified_gmt":"2024-12-10T10:30:56","slug":"progetto-realizzazione-di-un-bosco","status":"publish","type":"page","link":"https:\/\/www.amibus.it\/en\/progetto-realizzazione-di-un-bosco\/","title":{"rendered":"Progetto Realizzazione di un Bosco"},"content":{"rendered":"<p class=\"x_MsoNormal\">Prosegue l&#8217;impegno di Ami nel perseguimento degli obiettivi dell&#8217;Agenda 2030 dell&#8217;ONU.<\/p>\n<p class=\"x_MsoNormal\">In particolare, in previsione della certificazione sull&#8217;impronta ecologia ISO 14064-1 e nell&#8217;ottica della compensazione delle emissioni di CO2 derivanti dalle attivit\u00e0 aziendali, Ami aderisce al progetto &#8220;Un <span class=\"outlook-search-highlight\" data-markjs=\"true\">bosco<\/span> per la citt\u00e0&#8221;. Il progetto \u00e8 promosso da Legambiente Fano, Comune di Fano e TerrAmare. Lo scopo \u00e8 quello di imboschire le aree verdi forestabili del Comune di Fano. Inoltre, Legambiente Fano si impegna a realizzare il coordinamento del progetto per la messa a dimora delle piante e la manutenzione delle stesse. Ami contribuisce con l&#8217;acquisto di circa 150 piante, che consentiranno l\u2019assorbimento di circa 23.000 kg di CO2 ogni anno.<\/p>\n<p>&nbsp;<\/p>\n<p><img loading=\"lazy\" decoding=\"async\" class=\"alignnone size-medium wp-image-2159 aligncenter\" src=\"https:\/\/www.amibus.it\/wp-content\/uploads\/2024\/12\/LOCANDINA-BOSCO-212x300.jpg\" alt=\"\" width=\"212\" height=\"300\" srcset=\"https:\/\/www.amibus.it\/wp-content\/uploads\/2024\/12\/LOCANDINA-BOSCO-212x300.jpg 212w, https:\/\/www.amibus.it\/wp-content\/uploads\/2024\/12\/LOCANDINA-BOSCO-724x1024.jpg 724w, https:\/\/www.amibus.it\/wp-content\/uploads\/2024\/12\/LOCANDINA-BOSCO-768x1086.jpg 768w, https:\/\/www.amibus.it\/wp-content\/uploads\/2024\/12\/LOCANDINA-BOSCO-1086x1536.jpg 1086w, https:\/\/www.amibus.it\/wp-content\/uploads\/2024\/12\/LOCANDINA-BOSCO.jpg 1131w\" sizes=\"auto, (max-width: 212px) 100vw, 212px\" \/><\/p>\n","protected":false},"excerpt":{"rendered":"<p>Prosegue l&#8217;impegno di Ami nel perseguimento degli obiettivi dell&#8217;Agenda 2030 dell&#8217;ONU. In particolare, in previsione della certificazione sull&#8217;impronta ecologia ISO 14064-1 e nell&#8217;ottica della compensazione delle emissioni di CO2 derivanti dalle attivit\u00e0 aziendali, Ami aderisce al progetto &#8220;Un bosco per la citt\u00e0&#8221;. Il progetto \u00e8 promosso da Legambiente Fano, Comune di Fano e TerrAmare. Lo [&#8230;]<\/p>\n<p><a class=\"btn btn-secondary understrap-read-more-link\" href=\"https:\/\/www.amibus.it\/en\/progetto-realizzazione-di-un-bosco\/\">Read More&#8230;<\/a><\/p>\n","protected":false},"author":3,"featured_media":0,"parent":0,"menu_order":0,"comment_status":"closed","ping_status":"closed","template":"","meta":{"_acf_changed":false,"footnotes":""},"class_list":["post-2158","page","type-page","status-publish","hentry"],"translation":{"provider":"WPGlobus","version":"3.0.2","language":"en","enabled_languages":["it","en"],"languages":{"it":{"title":true,"content":true,"excerpt":false},"en":{"title":false,"content":false,"excerpt":false}}},"acf":[],"_links":{"self":[{"href":"https:\/\/www.amibus.it\/en\/wp-json\/wp\/v2\/pages\/2158","targetHints":{"allow":["GET"]}}],"collection":[{"href":"https:\/\/www.amibus.it\/en\/wp-json\/wp\/v2\/pages"}],"about":[{"href":"https:\/\/www.amibus.it\/en\/wp-json\/wp\/v2\/types\/page"}],"author":[{"embeddable":true,"href":"https:\/\/www.amibus.it\/en\/wp-json\/wp\/v2\/users\/3"}],"replies":[{"embeddable":true,"href":"https:\/\/www.amibus.it\/en\/wp-json\/wp\/v2\/comments?post=2158"}],"version-history":[{"count":2,"href":"https:\/\/www.amibus.it\/en\/wp-json\/wp\/v2\/pages\/2158\/revisions"}],"predecessor-version":[{"id":2161,"href":"https:\/\/www.amibus.it\/en\/wp-json\/wp\/v2\/pages\/2158\/revisions\/2161"}],"wp:attachment":[{"href":"https:\/\/www.amibus.it\/en\/wp-json\/wp\/v2\/media?parent=2158"}],"curies":[{"name":"wp","href":"https:\/\/api.w.org\/{rel}","templated":true}]}}

<p class="x_MsoNormal">Prosegue l&#8217;impegno di Ami nel perseguimento degli obiettivi dell&#8217;Agenda 2030 dell&#8217;ONU.</p>
<p class="x_MsoNormal">In particolare, in previsione della certificazione sull&#8217;impronta ecologia ISO 14064-1 e nell&#8217;ottica della compensazione delle emissioni di CO2 derivanti dalle attività aziendali, Ami aderisce al progetto &#8220;Un <span class="outlook-search-highlight" data-markjs="true">bosco</span> per la città&#8221;. Il progetto è promosso da Legambiente Fano, Comune di Fano e TerrAmare. Lo scopo è quello di imboschire le aree verdi forestabili del Comune di Fano. Inoltre, Legambiente Fano si impegna a realizzare il coordinamento del progetto per la messa a dimora delle piante e la manutenzione delle stesse. Ami contribuisce con l&#8217;acquisto di circa 150 piante, che consentiranno l’assorbimento di circa 23.000 kg di CO2 ogni anno.</p>
<p>&nbsp;</p>
<p><img loading="lazy" decoding="async" class="alignnone size-medium wp-image-2159 aligncenter" src="https://www.amibus.it/wp-content/uploads/2024/12/LOCANDINA-BOSCO-212x300.jpg" alt="" width="212" height="300" srcset="https://www.amibus.it/wp-content/uploads/2024/12/LOCANDINA-BOSCO-212x300.jpg 212w, https://www.amibus.it/wp-content/uploads/2024/12/LOCANDINA-BOSCO-724x1024.jpg 724w, https://www.amibus.it/wp-content/uploads/2024/12/LOCANDINA-BOSCO-768x1086.jpg 768w, https://www.amibus.it/wp-content/uploads/2024/12/LOCANDINA-BOSCO-1086x1536.jpg 1086w, https://www.amibus.it/wp-content/uploads/2024/12/LOCANDINA-BOSCO.jpg 1131w" sizes="auto, (max-width: 212px) 100vw, 212px" /></p>

<p>Prosegue l&#8217;impegno di Ami nel perseguimento degli obiettivi dell&#8217;Agenda 2030 dell&#8217;ONU. In particolare, in previsione della certificazione sull&#8217;impronta ecologia ISO 14064-1 e nell&#8217;ottica della compensazione delle emissioni di CO2 derivanti dalle attività aziendali, Ami aderisce al progetto &#8220;Un bosco per la città&#8221;. Il progetto è promosso da Legambiente Fano, Comune di Fano e TerrAmare. Lo [&#8230;]</p>
<p><a class="btn btn-secondary understrap-read-more-link" href="https://www.amibus.it/en/progetto-realizzazione-di-un-bosco/">Read More&#8230;</a></p>
