{"id":312,"date":"2020-03-02T12:25:49","date_gmt":"2020-03-02T11:25:49","guid":{"rendered":"http:\/\/amibus.e-lios.eu\/?page_id=312"},"modified":"2025-06-27T10:25:51","modified_gmt":"2025-06-27T08:25:51","slug":"bilancio-di-esercizio-e-nota-integrativa","status":"publish","type":"page","link":"https:\/\/www.amibus.it\/en\/bilancio-di-esercizio-e-nota-integrativa\/","title":{"rendered":"Bilancio di Esercizio e Nota Integrativa"},"content":{"rendered":"<ul>\n<li><a href=\"https:\/\/www.amibus.it\/wp-content\/uploads\/2025\/06\/Bil.UE-N.I.-2024.pdf\">Bilancio di Esercizio Ami 2024<\/a><\/li>\n<li><a href=\"https:\/\/www.amibus.it\/wp-content\/uploads\/2025\/06\/Bilancio20Sociale202024-compressoC2A028329.pdf\">Bilancio di Sostenibilit\u00e0 2024<\/a><\/li>\n<li><a href=\"https:\/\/www.amibus.it\/wp-content\/uploads\/2024\/12\/Bilancio-UE-N.I.-2023.pdf\">Bilancio di Esercizio Ami 2023<\/a><\/li>\n<li><a href=\"https:\/\/www.amibus.it\/wp-content\/uploads\/2024\/12\/Bilancio-Sociale-2023.pdf\">Bilancio di sostenibilit\u00e0 2023<\/a><\/li>\n<li><a href=\"https:\/\/www.amibus.it\/wp-content\/uploads\/2023\/11\/Bilancio-UE-NI-31.12.2022.pdf\">Bilancio di Esercizio Ami 2022<\/a><\/li>\n<li><a href=\"https:\/\/youtu.be\/AtaVXESgxEQ\">Bilancio Sostenibilit\u00e0 2022_video<\/a><\/li>\n<li><a href=\"https:\/\/www.amibus.it\/wp-content\/uploads\/2022\/09\/Bilancio-UE-31.12.2021.pdf\">Bilancio di Esercizio Ami 2021<\/a><\/li>\n<li><a href=\"https:\/\/www.amibus.it\/wp-content\/uploads\/2021\/11\/ISTANZA01482560412-DC.pdf\">Bilancio di esercizio AMI 2020<\/a><\/li>\n<li><a href=\"http:\/\/amibus.e-lios.eu\/wp-content\/uploads\/2020\/10\/BILANCIO-DESERCIZIO-2019.pdf\">Bilancio di Esercizio AMI 2019<\/a><\/li>\n<li><a href=\"\/wp-content\/uploads\/2020\/03\/2946_istanza01482560412-dc.pdf\" target=\"_blank\" rel=\"noopener noreferrer\">Bilancio di Esercizio AMI 2018<\/a><\/li>\n<li><a href=\"\/wp-content\/uploads\/2020\/03\/2906_istanza01482560412-dc.pdf\" target=\"_blank\" rel=\"noopener noreferrer\">Bilancio di Esercizio AMI 2017<\/a><\/li>\n<li><a href=\"\/wp-content\/uploads\/2020\/03\/2891_istanza01482560412.pdf\" target=\"_blank\" rel=\"noopener noreferrer\">Bilancio di Esercizio AMI 2016<\/a><\/li>\n<li><a href=\"\/wp-content\/uploads\/2020\/03\/2686_bilancio.pdf\" target=\"_blank\" rel=\"noopener noreferrer\">Bilancio di Esercizio AMI 2015<\/a><\/li>\n<li><a href=\"\/wp-content\/uploads\/2020\/03\/2556_notaxbrlper_deposito_cciaa.pdf\" target=\"_blank\" rel=\"noopener noreferrer\">Bilancio di Esercizio AMI 2014<\/a><\/li>\n<li><a href=\"\/wp-content\/uploads\/2020\/03\/2528_bilancio_ue_2013.pdf\" target=\"_blank\" rel=\"noopener noreferrer\">Bilancio di Esercizio AMI 2013<\/a><\/li>\n<li><a href=\"\/wp-content\/uploads\/2020\/03\/2529_nota_integrativa_2013.pdf\" target=\"_blank\" rel=\"noopener noreferrer\">Nota Integrativa AMI 2013<\/a><\/li>\n<li><a href=\"\/wp-content\/uploads\/2020\/03\/2462_bilancioue2012.pdf\" target=\"_blank\" rel=\"noopener noreferrer\">Bilancio di Esercizio AMI 2012<\/a><\/li>\n<li><a href=\"\/wp-content\/uploads\/2020\/03\/2463_nota_integrativa_2012.pdf\" target=\"_blank\" rel=\"noopener noreferrer\">Nota Integrativa AMI 2012<\/a><\/li>\n<\/ul>\n","protected":false},"excerpt":{"rendered":"<p>Bilancio di Esercizio Ami 2024 Bilancio di Sostenibilit\u00e0 2024 Bilancio di Esercizio Ami 2023 Bilancio di sostenibilit\u00e0 2023 Bilancio di Esercizio Ami 2022 Bilancio Sostenibilit\u00e0 2022_video Bilancio di Esercizio Ami 2021 Bilancio di esercizio AMI 2020 Bilancio di Esercizio AMI 2019 Bilancio di Esercizio AMI 2018 Bilancio di Esercizio AMI 2017 Bilancio di Esercizio AMI [&#8230;]<\/p>\n<p><a class=\"btn btn-secondary understrap-read-more-link\" href=\"https:\/\/www.amibus.it\/en\/bilancio-di-esercizio-e-nota-integrativa\/\">Read More&#8230;<\/a><\/p>\n","protected":false},"author":1,"featured_media":0,"parent":0,"menu_order":0,"comment_status":"closed","ping_status":"closed","template":"","meta":{"_acf_changed":false,"footnotes":""},"class_list":["post-312","page","type-page","status-publish","hentry"],"translation":{"provider":"WPGlobus","version":"3.0.2","language":"en","enabled_languages":["it","en"],"languages":{"it":{"title":true,"content":true,"excerpt":false},"en":{"title":false,"content":false,"excerpt":false}}},"acf":[],"_links":{"self":[{"href":"https:\/\/www.amibus.it\/en\/wp-json\/wp\/v2\/pages\/312","targetHints":{"allow":["GET"]}}],"collection":[{"href":"https:\/\/www.amibus.it\/en\/wp-json\/wp\/v2\/pages"}],"about":[{"href":"https:\/\/www.amibus.it\/en\/wp-json\/wp\/v2\/types\/page"}],"author":[{"embeddable":true,"href":"https:\/\/www.amibus.it\/en\/wp-json\/wp\/v2\/users\/1"}],"replies":[{"embeddable":true,"href":"https:\/\/www.amibus.it\/en\/wp-json\/wp\/v2\/comments?post=312"}],"version-history":[{"count":11,"href":"https:\/\/www.amibus.it\/en\/wp-json\/wp\/v2\/pages\/312\/revisions"}],"predecessor-version":[{"id":2358,"href":"https:\/\/www.amibus.it\/en\/wp-json\/wp\/v2\/pages\/312\/revisions\/2358"}],"wp:attachment":[{"href":"https:\/\/www.amibus.it\/en\/wp-json\/wp\/v2\/media?parent=312"}],"curies":[{"name":"wp","href":"https:\/\/api.w.org\/{rel}","templated":true}]}}

<ul>
<li><a href="https://www.amibus.it/wp-content/uploads/2025/06/Bil.UE-N.I.-2024.pdf">Bilancio di Esercizio Ami 2024</a></li>
<li><a href="https://www.amibus.it/wp-content/uploads/2025/06/Bilancio20Sociale202024-compressoC2A028329.pdf">Bilancio di Sostenibilità 2024</a></li>
<li><a href="https://www.amibus.it/wp-content/uploads/2024/12/Bilancio-UE-N.I.-2023.pdf">Bilancio di Esercizio Ami 2023</a></li>
<li><a href="https://www.amibus.it/wp-content/uploads/2024/12/Bilancio-Sociale-2023.pdf">Bilancio di sostenibilità 2023</a></li>
<li><a href="https://www.amibus.it/wp-content/uploads/2023/11/Bilancio-UE-NI-31.12.2022.pdf">Bilancio di Esercizio Ami 2022</a></li>
<li><a href="https://youtu.be/AtaVXESgxEQ">Bilancio Sostenibilità 2022_video</a></li>
<li><a href="https://www.amibus.it/wp-content/uploads/2022/09/Bilancio-UE-31.12.2021.pdf">Bilancio di Esercizio Ami 2021</a></li>
<li><a href="https://www.amibus.it/wp-content/uploads/2021/11/ISTANZA01482560412-DC.pdf">Bilancio di esercizio AMI 2020</a></li>
<li><a href="http://amibus.e-lios.eu/wp-content/uploads/2020/10/BILANCIO-DESERCIZIO-2019.pdf">Bilancio di Esercizio AMI 2019</a></li>
<li><a href="/wp-content/uploads/2020/03/2946_istanza01482560412-dc.pdf" target="_blank" rel="noopener noreferrer">Bilancio di Esercizio AMI 2018</a></li>
<li><a href="/wp-content/uploads/2020/03/2906_istanza01482560412-dc.pdf" target="_blank" rel="noopener noreferrer">Bilancio di Esercizio AMI 2017</a></li>
<li><a href="/wp-content/uploads/2020/03/2891_istanza01482560412.pdf" target="_blank" rel="noopener noreferrer">Bilancio di Esercizio AMI 2016</a></li>
<li><a href="/wp-content/uploads/2020/03/2686_bilancio.pdf" target="_blank" rel="noopener noreferrer">Bilancio di Esercizio AMI 2015</a></li>
<li><a href="/wp-content/uploads/2020/03/2556_notaxbrlper_deposito_cciaa.pdf" target="_blank" rel="noopener noreferrer">Bilancio di Esercizio AMI 2014</a></li>
<li><a href="/wp-content/uploads/2020/03/2528_bilancio_ue_2013.pdf" target="_blank" rel="noopener noreferrer">Bilancio di Esercizio AMI 2013</a></li>
<li><a href="/wp-content/uploads/2020/03/2529_nota_integrativa_2013.pdf" target="_blank" rel="noopener noreferrer">Nota Integrativa AMI 2013</a></li>
<li><a href="/wp-content/uploads/2020/03/2462_bilancioue2012.pdf" target="_blank" rel="noopener noreferrer">Bilancio di Esercizio AMI 2012</a></li>
<li><a href="/wp-content/uploads/2020/03/2463_nota_integrativa_2012.pdf" target="_blank" rel="noopener noreferrer">Nota Integrativa AMI 2012</a></li>
</ul>

<p>Bilancio di Esercizio Ami 2024 Bilancio di Sostenibilità 2024 Bilancio di Esercizio Ami 2023 Bilancio di sostenibilità 2023 Bilancio di Esercizio Ami 2022 Bilancio Sostenibilità 2022_video Bilancio di Esercizio Ami 2021 Bilancio di esercizio AMI 2020 Bilancio di Esercizio AMI 2019 Bilancio di Esercizio AMI 2018 Bilancio di Esercizio AMI 2017 Bilancio di Esercizio AMI [&#8230;]</p>
<p><a class="btn btn-secondary understrap-read-more-link" href="https://www.amibus.it/en/bilancio-di-esercizio-e-nota-integrativa/">Read More&#8230;</a></p>
