{"id":357,"date":"2020-03-02T13:27:11","date_gmt":"2020-03-02T12:27:11","guid":{"rendered":"http:\/\/amibus.e-lios.eu\/?page_id=357"},"modified":"2025-06-27T09:49:16","modified_gmt":"2025-06-27T07:49:16","slug":"accesso-civico","status":"publish","type":"page","link":"https:\/\/www.amibus.it\/en\/accesso-civico\/","title":{"rendered":"Accesso Civico (Art. 5 comma 1 D.Lgs 33\/2013)"},"content":{"rendered":"<div>\n<p><strong>Che cos\u2019\u00e8?<br \/>\n<\/strong>L\u2019accesso civico \u00e8 il diritto di chiunque di richiedere i documenti, le informazioni od i dati detenuti da Ami S.p.A. sottoposti ad obbligo di pubblicazione ex lege all\u2019interno della sezione \u201cAmministrazione Trasparente\u201d.<\/p>\n<p><strong>Come esercitare il diritto?<br \/>\n<\/strong>La richiesta \u00e8 gratuita, non deve essere motivata e deve essere presentata al Responsabile del procedimento:<\/p>\n<p>Dott.ssa Giovanna Pugliese<\/p>\n<p>Piazza E. Gonzaga 15 &#8211; 61029 Urbino (PU)<\/p>\n<p>Email accesso.civico@amibus.it, per info@amispa.postecert.it<\/p>\n<p>La richiesta pu\u00f2 essere presentata in via telematica e sar\u00e0 ritenuta valida:<\/p>\n<ol style=\"list-style-type: lower-alpha;\">\n<li>se trasmessa da un indirizzo di posta elettronica non certificata, purch\u00e9 sia sottoscritta e presentata unitamente alla copia del documento d&#8217;identit\u00e0 in corso di validit\u00e0;<\/li>\n<li>se trasmessa dal richiedente dalla propria casella di posta elettronica certificata;<\/li>\n<li>se sottoscritta con firma digitale;<\/li>\n<li>se il richiedente \u00e8 identificato con il sistema pubblico di identit\u00e0 digitale (SPID) o la carta di identit\u00e0.<\/li>\n<\/ol>\n<\/div>\n<div>\n<p>Resta fermo che l\u2019istanza pu\u00f2 essere presentata anche a mezzo posta, fax o direttamente presso gli uffici e che laddove la richiesta di accesso civico non sia sottoscritta dall\u2019interessato in presenza del dipendente addetto, la stessa debba essere sottoscritta e presentata unitamente a copia fotostatica non autenticata del documento d&#8217;identit\u00e0.<\/p>\n<p>Di seguito i recapiti per la presentazione della richiesta:<\/p>\n<p>tramite posta ordinaria: Ami s.p.a., P.le E. Gonzaga 15 &#8211; 61029 &#8211; Urbino\u00a0; tramite fax al n. 0722 376748;<\/p>\n<p>tramite posta elettronica certificata all\u2019indirizzo info@amispa.postecert.it; tramite posta elettronica non certificata all\u2019indirizzo ami@amibus.it.<\/p>\n<p><strong>Il procedimento<\/strong><\/p>\n<p>La societ\u00e0, dopo aver ricevuto la richiesta, provvede alla trasmissione della stessa al Responsabile del procedimento, il quale entro trenta giorni conclude il procedimento con provvedimento espresso e motivato.<\/p>\n<p>Nel caso in cui sussistano i presupposti il Responsabile del procedimento pubblicher\u00e0 sul sito i dati, le informazioni o i documenti richiesti, comunicando al richiedente l&#8217;avvenuta pubblicazione.<\/p>\n<p>In caso di ritardo o mancata risposta da parte del responsabile del procedimento entro 30 giorni, il richiedente pu\u00f2 ricorrere al titolare del potere sostitutivo individuato nel Direttore Generale Ing. Massimo Benedetti che, verificata la sussistenza e l&#8217;obbligo di pubblicazione, provvede nei termini e con le modalit\u00e0 di cui all&#8217;Art. 5 comma 7 D.Lgs. 33\/2013 con provvedimento motivato entro 20 giorni dal ricevimento dell&#8217;istanza.<\/p>\n<p>Si ricorda che i dati personali eventualmente contenuti nei documenti pubblicati sono riutilizzabili nei limiti e nel rispetto della normativa GDPR n. 679 del 2016 e compatibilmente con gli scopi per i quali sono stati raccolti e registrati, come definito dalla normativa in materia di trasparenza (D.Lgs.n.33\/2013).<\/p>\n<p><strong>Ami S.p.A.<\/strong><\/p>\n<\/div>\n<p>Azienda per la mobilit\u00e0 integrata e trasporti &#8211; P.le E. Gonzaga n. 15 &#8211; 61029 &#8211; Urbino\u00a0\u00a0C.F. e P.IVA 01482560412<br \/>\n<strong>T.\u00a0<\/strong>0722 376738 | <strong>F.\u00a0<\/strong>0722 376748<br \/>\n<strong>Numero Verde\u00a0<\/strong>800-664332<br \/>\n<strong>Email:<\/strong> <a href=\"mailto:accesso.civico@amibus.it\">accesso.civico@amibus.it<\/a> | <strong>Pec:\u00a0<\/strong><a href=\"mailto:info@amispa.postecert.it\">info@amispa.postecert.it<\/a><\/p>\n<p>Scarica FacSimile richiesta accesso civico:<\/p>\n<p><a href=\"\/wp-content\/uploads\/2020\/03\/istanza_Accesso_Civico_AMI.pdf\">Istanza Accesso Civico<\/a><\/p>\n<p>Si rappresenta che l\u2019uso di un formato o modulo diverso da quello reso disponibile online come fac-simile non pu\u00f2 comportare l\u2019inammissibilit\u00e0 o il rifiuto della richiesta.<\/p>\n<p><a href=\"https:\/\/www.amibus.it\/wp-content\/uploads\/2025\/06\/Registro_Civico_05_25.pdf\">Registro Istanze<\/a><\/p>\n","protected":false},"excerpt":{"rendered":"<p>Che cos\u2019\u00e8? L\u2019accesso civico \u00e8 il diritto di chiunque di richiedere i documenti, le informazioni od i dati detenuti da Ami S.p.A. sottoposti ad obbligo di pubblicazione ex lege all\u2019interno della sezione \u201cAmministrazione Trasparente\u201d. Come esercitare il diritto? La richiesta \u00e8 gratuita, non deve essere motivata e deve essere presentata al Responsabile del procedimento: Dott.ssa [&#8230;]<\/p>\n<p><a class=\"btn btn-secondary understrap-read-more-link\" href=\"https:\/\/www.amibus.it\/en\/accesso-civico\/\">Read More&#8230;<\/a><\/p>\n","protected":false},"author":1,"featured_media":0,"parent":0,"menu_order":0,"comment_status":"closed","ping_status":"closed","template":"","meta":{"_acf_changed":false,"footnotes":""},"class_list":["post-357","page","type-page","status-publish","hentry"],"translation":{"provider":"WPGlobus","version":"3.0.2","language":"en","enabled_languages":["it","en"],"languages":{"it":{"title":true,"content":true,"excerpt":false},"en":{"title":false,"content":false,"excerpt":false}}},"acf":[],"_links":{"self":[{"href":"https:\/\/www.amibus.it\/en\/wp-json\/wp\/v2\/pages\/357","targetHints":{"allow":["GET"]}}],"collection":[{"href":"https:\/\/www.amibus.it\/en\/wp-json\/wp\/v2\/pages"}],"about":[{"href":"https:\/\/www.amibus.it\/en\/wp-json\/wp\/v2\/types\/page"}],"author":[{"embeddable":true,"href":"https:\/\/www.amibus.it\/en\/wp-json\/wp\/v2\/users\/1"}],"replies":[{"embeddable":true,"href":"https:\/\/www.amibus.it\/en\/wp-json\/wp\/v2\/comments?post=357"}],"version-history":[{"count":9,"href":"https:\/\/www.amibus.it\/en\/wp-json\/wp\/v2\/pages\/357\/revisions"}],"predecessor-version":[{"id":2326,"href":"https:\/\/www.amibus.it\/en\/wp-json\/wp\/v2\/pages\/357\/revisions\/2326"}],"wp:attachment":[{"href":"https:\/\/www.amibus.it\/en\/wp-json\/wp\/v2\/media?parent=357"}],"curies":[{"name":"wp","href":"https:\/\/api.w.org\/{rel}","templated":true}]}}

<div>
<p><strong>Che cos’è?<br />
</strong>L’accesso civico è il diritto di chiunque di richiedere i documenti, le informazioni od i dati detenuti da Ami S.p.A. sottoposti ad obbligo di pubblicazione ex lege all’interno della sezione “Amministrazione Trasparente”.</p>
<p><strong>Come esercitare il diritto?<br />
</strong>La richiesta è gratuita, non deve essere motivata e deve essere presentata al Responsabile del procedimento:</p>
<p>Dott.ssa Giovanna Pugliese</p>
<p>Piazza E. Gonzaga 15 &#8211; 61029 Urbino (PU)</p>
<p>Email accesso.civico@amibus.it, per info@amispa.postecert.it</p>
<p>La richiesta può essere presentata in via telematica e sarà ritenuta valida:</p>
<ol style="list-style-type: lower-alpha;">
<li>se trasmessa da un indirizzo di posta elettronica non certificata, purché sia sottoscritta e presentata unitamente alla copia del documento d&#8217;identità in corso di validità;</li>
<li>se trasmessa dal richiedente dalla propria casella di posta elettronica certificata;</li>
<li>se sottoscritta con firma digitale;</li>
<li>se il richiedente è identificato con il sistema pubblico di identità digitale (SPID) o la carta di identità.</li>
</ol>
</div>
<div>
<p>Resta fermo che l’istanza può essere presentata anche a mezzo posta, fax o direttamente presso gli uffici e che laddove la richiesta di accesso civico non sia sottoscritta dall’interessato in presenza del dipendente addetto, la stessa debba essere sottoscritta e presentata unitamente a copia fotostatica non autenticata del documento d&#8217;identità.</p>
<p>Di seguito i recapiti per la presentazione della richiesta:</p>
<p>tramite posta ordinaria: Ami s.p.a., P.le E. Gonzaga 15 &#8211; 61029 &#8211; Urbino ; tramite fax al n. 0722 376748;</p>
<p>tramite posta elettronica certificata all’indirizzo info@amispa.postecert.it; tramite posta elettronica non certificata all’indirizzo ami@amibus.it.</p>
<p><strong>Il procedimento</strong></p>
<p>La società, dopo aver ricevuto la richiesta, provvede alla trasmissione della stessa al Responsabile del procedimento, il quale entro trenta giorni conclude il procedimento con provvedimento espresso e motivato.</p>
<p>Nel caso in cui sussistano i presupposti il Responsabile del procedimento pubblicherà sul sito i dati, le informazioni o i documenti richiesti, comunicando al richiedente l&#8217;avvenuta pubblicazione.</p>
<p>In caso di ritardo o mancata risposta da parte del responsabile del procedimento entro 30 giorni, il richiedente può ricorrere al titolare del potere sostitutivo individuato nel Direttore Generale Ing. Massimo Benedetti che, verificata la sussistenza e l&#8217;obbligo di pubblicazione, provvede nei termini e con le modalità di cui all&#8217;Art. 5 comma 7 D.Lgs. 33/2013 con provvedimento motivato entro 20 giorni dal ricevimento dell&#8217;istanza.</p>
<p>Si ricorda che i dati personali eventualmente contenuti nei documenti pubblicati sono riutilizzabili nei limiti e nel rispetto della normativa GDPR n. 679 del 2016 e compatibilmente con gli scopi per i quali sono stati raccolti e registrati, come definito dalla normativa in materia di trasparenza (D.Lgs.n.33/2013).</p>
<p><strong>Ami S.p.A.</strong></p>
</div>
<p>Azienda per la mobilità integrata e trasporti &#8211; P.le E. Gonzaga n. 15 &#8211; 61029 &#8211; Urbino  C.F. e P.IVA 01482560412<br />
<strong>T. </strong>0722 376738 | <strong>F. </strong>0722 376748<br />
<strong>Numero Verde </strong>800-664332<br />
<strong>Email:</strong> <a href="mailto:accesso.civico@amibus.it">accesso.civico@amibus.it</a> | <strong>Pec: </strong><a href="mailto:info@amispa.postecert.it">info@amispa.postecert.it</a></p>
<p>Scarica FacSimile richiesta accesso civico:</p>
<p><a href="/wp-content/uploads/2020/03/istanza_Accesso_Civico_AMI.pdf">Istanza Accesso Civico</a></p>
<p>Si rappresenta che l’uso di un formato o modulo diverso da quello reso disponibile online come fac-simile non può comportare l’inammissibilità o il rifiuto della richiesta.</p>
<p><a href="https://www.amibus.it/wp-content/uploads/2025/06/Registro_Civico_05_25.pdf">Registro Istanze</a></p>

<p>Che cos’è? L’accesso civico è il diritto di chiunque di richiedere i documenti, le informazioni od i dati detenuti da Ami S.p.A. sottoposti ad obbligo di pubblicazione ex lege all’interno della sezione “Amministrazione Trasparente”. Come esercitare il diritto? La richiesta è gratuita, non deve essere motivata e deve essere presentata al Responsabile del procedimento: Dott.ssa [&#8230;]</p>
<p><a class="btn btn-secondary understrap-read-more-link" href="https://www.amibus.it/en/accesso-civico/">Read More&#8230;</a></p>
